{"id":850,"date":"2018-02-06T02:17:25","date_gmt":"2018-02-06T02:17:25","guid":{"rendered":"http:\/\/dev.joomexp.com\/wordpress\/consider\/?page_id=850"},"modified":"2021-11-09T05:22:40","modified_gmt":"2021-11-09T04:22:40","slug":"consulting-02","status":"publish","type":"page","link":"https:\/\/www.megaredcorp.com\/Ecuador\/","title":{"rendered":"Inicio"},"content":{"rendered":"<p>[vc_row full_width=&#8221;stretch_row&#8221;][vc_column][rev_slider_vc alias=&#8221;slide-14&#8243;][\/vc_column][\/vc_row][vc_row css_animation=&#8221;none&#8221;][vc_column width=&#8221;1\/3&#8243;][cms_fancybox_single fancy_style=&#8221;style-5&#8243; title_item=&#8221;TECNOLOG\u00cdA INNOVADORA&#8221; option_type=&#8221;option_image&#8221; image=&#8221;913&#8243;]Utilizamos tecnologia de punta mediante nuestros partners para dar soluciones modernas y eficientes.<\/p>\n<p>[\/cms_fancybox_single][\/vc_column][vc_column width=&#8221;1\/3&#8243;][cms_fancybox_single fancy_style=&#8221;style-5&#8243; title_item=&#8221;INTEROPERATIVIDAD&#8221; option_type=&#8221;option_image&#8221; image=&#8221;915&#8243;]Facilitamos la integraci\u00f3n entre el sistema financiero, empresas publicas y privadas, y los ciudadanos.[\/cms_fancybox_single][\/vc_column][vc_column width=&#8221;1\/3&#8243;][cms_fancybox_single fancy_style=&#8221;style-5&#8243; title_item=&#8221;SEGURIDAD&#8221; option_type=&#8221;option_image&#8221; image=&#8221;914&#8243;]Somos autorizados por las entidades de control y aplicamos las mejores practicas de seguridad bancaria.[\/cms_fancybox_single][\/vc_column][\/vc_row][vc_row css_animation=&#8221;none&#8221; css=&#8221;.vc_custom_1527691651510{margin-top: -55px !important;}&#8221;][vc_column][vc_empty_space height=&#8221;60px&#8221;][\/vc_column][\/vc_row][vc_row css_animation=&#8221;none&#8221; css=&#8221;.vc_custom_1527691651510{margin-top: -55px !important;}&#8221;][vc_column width=&#8221;1\/3&#8243;][cms_fancybox_single fancy_style=&#8221;style-5&#8243; title_item=&#8221;CAPACIDAD TRANSACCIONAL&#8221; option_type=&#8221;option_image&#8221; image=&#8221;913&#8243;] Tenemos una capacidad transaccional de altas dimensiones con mas de 99.99% de disponibilidad 24x7x365.[\/cms_fancybox_single][\/vc_column][vc_column width=&#8221;1\/3&#8243;][cms_fancybox_single fancy_style=&#8221;style-5&#8243; title_item=&#8221;MULTI-CANALIDAD&#8221; option_type=&#8221;option_image&#8221; image=&#8221;915&#8243;]Nos podemos integrar con todos tipos de canales como: Bot\u00f3n de Pagos, ATM, POS, IVR, Cajas, Web, M\u00f3vil.[\/cms_fancybox_single][\/vc_column][vc_column width=&#8221;1\/3&#8243;][cms_fancybox_single fancy_style=&#8221;style-5&#8243; title_item=&#8221;SOPORTE&#8221; option_type=&#8221;option_image&#8221; image=&#8221;914&#8243;]Nuestra plataforma es ofrecida como servicio reduciendo su carga operativa y dandole acceso a SOPORTE 24x7x365.[\/cms_fancybox_single][\/vc_column][\/vc_row][vc_row css_animation=&#8221;none&#8221;][vc_column width=&#8221;1\/2&#8243;][vc_empty_space height=&#8221;60px&#8221;][cms_custom_heading subtitle_default=&#8221;&#8221; add_border=&#8221;&#8221; title=&#8221;Plataforma Transaccional&#8221; css=&#8221;.vc_custom_1558991618592{margin-bottom: 50px !important;}&#8221;][vc_single_image image=&#8221;4033&#8243; img_size=&#8221;full&#8221; alignment=&#8221;center&#8221;][vc_empty_space height=&#8221;80px&#8221;][\/vc_column][vc_column width=&#8221;1\/2&#8243;][vc_empty_space height=&#8221;150px&#8221;][vc_column_text]<\/p>\n<p style=\"text-align: justify;\">MEGAREDCORP, nuestra Plataforma Tecnol\u00f3gica Transaccional, permite que las organizaciones est\u00e9n m\u00e1s cerca a sus clientes por medio de nuestros puntos transaccionales incorporados. Permite una r\u00e1pida y segura integraci\u00f3n con canales de recaudaci\u00f3n externos, abri\u00e9ndole las oportunidades a su organizaci\u00f3n para realizar sus cobros en m\u00faltiples puntos presenciales a nivel nacional y canales virtuales para pagos electr\u00f3nicos.<\/p>\n<p>[\/vc_column_text][vc_empty_space height=&#8221;60px&#8221;][\/vc_column][\/vc_row][vc_row full_width=&#8221;stretch_row_content&#8221; content_placement=&#8221;bottom&#8221; css_animation=&#8221;none&#8221; visible_overflow=&#8221;true&#8221; css=&#8221;.vc_custom_1636431524662{background-image: url(http:\/\/dev.joomexp.com\/wordpress\/consider\/wp-content\/uploads\/2018\/02\/bg5.jpg?id=938) !important;background-position: center !important;background-repeat: no-repeat !important;background-size: cover !important;}&#8221;][vc_column width=&#8221;1\/2&#8243; offset=&#8221;vc_col-lg-offset-1 vc_col-lg-5 vc_col-md-offset-2 vc_col-md-4 vc_col-sm-offset-0&#8243;][cms_custom_heading heading_style=&#8221;style4&#8243; show_icon=&#8221;&#8221; ttext-align=&#8221;text-left&#8221; small=&#8221;&#8221; title=&#8221;CUMPLIMIENTO NORMATIVO&#8221; tfont-size=&#8221;35px&#8221; tline-height=&#8221;42px&#8221; css=&#8221;.vc_custom_1558993120911{margin-bottom: 15px !important;}&#8221;][vc_column_text line_height=&#8221;30px&#8221; css=&#8221;.vc_custom_1560872697154{margin-bottom: 40px !important;}&#8221;]<\/p>\n<p style=\"text-align: justify;\">MEGAREDCORP S.A. est\u00e1 calificada como una compa\u00f1\u00eda de servicios auxiliares de los sectores financieros p\u00fablico y privado en el \u00e1rea de transaccionales y de pago, mediante resoluci\u00f3n No. SB-DRTL-2018-0249-M del 23 de marzo de 2018 emitida por la SUPERINTENDENCIA DE BANCOS.<\/p>\n<p style=\"text-align: justify;\">MEGAREDCORP como auxiliar al sistema financiero esta autorizada a prestar servicios especializados directamente a las entidades bancarias del Ecuador. La Superintendencia de Bancos califica a las auxiliares en el \u00e1mbito de su competencia para prestar servicios tales como:<\/p>\n<p style=\"text-align: justify;\">\u2022 SERVICIOS TRANSACCIONALES \u2022 PAGOS \u2022 COBRANZAS \u2022 REDES Y CAJEROS AUTOM\u00c1TICOS \u2022 SERVICIOS CONTABLES Y DE COMPUTACI\u00d3N \u2022 SOFTWARE BANCARIO \u2022 TRANSPORTE DE ESPECIES MONETARIAS\/VALORES \u2022 OTROS<\/p>\n<p style=\"text-align: justify;\">Las entidades de servicios auxiliares del sistema financiero nacional que realicen actividades transaccionales y las empresas que realicen remesas de dinero y giro postal, para su operaci\u00f3n requieren la autorizaci\u00f3n previa del Banco Central del Ecuador, misma que fue otorgada a MEGAREDCORP.<\/p>\n<p>[\/vc_column_text][\/vc_column][vc_column width=&#8221;1\/2&#8243;][vc_empty_space height=&#8221;120px&#8221;][vc_video link=&#8221;https:\/\/youtu.be\/O3_rJ3lpUXY&#8221; align=&#8221;center&#8221;][vc_empty_space height=&#8221;100px&#8221;][\/vc_column][\/vc_row][vc_row css_animation=&#8221;none&#8221;][vc_column][vc_empty_space height=&#8221;60px&#8221;][\/vc_column][\/vc_row][vc_row full_width=&#8221;stretch_row_content_no_spaces&#8221; equal_height=&#8221;yes&#8221; css_animation=&#8221;none&#8221; overlay_opacity=&#8221;&#8221; visible_overflow=&#8221;true&#8221;][vc_column offset=&#8221;vc_col-lg-offset-0 vc_col-lg-6 vc_col-md-offset-0&#8243; css=&#8221;.vc_custom_1523266301669{padding-top: 30px !important;padding-right: 15px !important;padding-bottom: 52px !important;padding-left: 15px !important;background-color: #f5f5f5 !important;}&#8221;][vc_empty_space height=&#8221;60px&#8221;][vc_row_inner][vc_column_inner offset=&#8221;vc_col-lg-offset-1 vc_col-lg-10 vc_col-md-offset-1 vc_col-md-10&#8243;][vc_custom_heading text=&#8221;Informaci\u00f3n de Contacto&#8221; font_container=&#8221;tag:h2|text_align:center&#8221; use_theme_fonts=&#8221;yes&#8221; css=&#8221;.vc_custom_1559058457231{margin-bottom: 25px !important;}&#8221;][vc_column_text font_size=&#8221;15px&#8221; font_weight=&#8221;300&#8243; line_height=&#8221;28px&#8221; css=&#8221;.vc_custom_1561661372033{margin-bottom: 40px !important;}&#8221;]<\/p>\n<p style=\"text-align: center;\">Puede contactarnos y realizar su consulta. Tambien puede escribir a un <strong><a href=\"https:\/\/soporte.rp-ecommerce.com.ec\" target=\"_blank\" rel=\"noopener noreferrer\">Ticket de Soporte<\/a><\/strong> para ayuda personalizada si ya es cliente de nosotros.<\/p>\n<p>[\/vc_column_text][\/vc_column_inner][\/vc_row_inner][vc_row_inner css=&#8221;.vc_custom_1523688375080{margin-top: 40px !important;}&#8221;][vc_column_inner width=&#8221;1\/2&#8243; offset=&#8221;vc_col-lg-offset-1 vc_col-lg-4 vc_col-md-offset-1 vc_col-md-4&#8243;][vc_column_text font_size=&#8221;20px&#8221; font_weight=&#8221;700&#8243; color=&#8221;#272727&#8243; css=&#8221;.vc_custom_1562104778407{margin-bottom: 8px !important;}&#8221;]TEL\u00c9FONOS:[\/vc_column_text][vc_column_text font_size=&#8221;16px&#8221; font_weight=&#8221;500&#8243; line_height=&#8221;26px&#8221; color=&#8221;#2f2c2b&#8221; css=&#8221;.vc_custom_1636431727943{margin-bottom: 8px !important;}&#8221;]<\/p>\n<div class=\"wpb_text_column wpb_content_element vc_custom_1559059113216\">\n<div class=\"wpb_wrapper\">\n<p>+593 4 259 7920<\/p>\n<p>+593 098 843 5780<\/p>\n<\/div>\n<\/div>\n<p>[\/vc_column_text][vc_column_text color=&#8221;#ba8e5d&#8221;]info@megaredcorp.com[\/vc_column_text][\/vc_column_inner][vc_column_inner width=&#8221;1\/2&#8243;][vc_column_text font_size=&#8221;20px&#8221; font_weight=&#8221;700&#8243; color=&#8221;#272727&#8243; css=&#8221;.vc_custom_1562104842799{margin-bottom: 8px !important;}&#8221;]DIRECCI\u00d3N:[\/vc_column_text][vc_column_text css=&#8221;.vc_custom_1564505602128{margin-bottom: 5px !important;}&#8221;]Cdla. Kennedy Norte. Av. Miguel H. Alc\u00edvar y \u00c1ngel Barrera<br \/>\nEdif. Arquetipo III, Mezzanine.<\/p>\n<p>Guayaquil &#8211; Ecuador[\/vc_column_text][\/vc_column_inner][\/vc_row_inner][vc_empty_space height=&#8221;60px&#8221;][\/vc_column][vc_column offset=&#8221;vc_col-lg-offset-0 vc_col-lg-6 vc_col-md-offset-0&#8243; css=&#8221;.vc_custom_1523266532355{padding-top: 30px !important;padding-right: 15px !important;padding-bottom: 25px !important;padding-left: 15px !important;background-color: #efefef !important;}&#8221;][vc_empty_space height=&#8221;60px&#8221;][vc_row_inner][vc_column_inner offset=&#8221;vc_col-lg-offset-1 vc_col-lg-10 vc_col-md-offset-1 vc_col-md-10&#8243;][vc_custom_heading text=&#8221;Solo para Consulta&#8221; font_container=&#8221;tag:h2|text_align:center&#8221; use_theme_fonts=&#8221;yes&#8221;]\n<div class=\"wpcf7 no-js\" id=\"wpcf7-f391-o1\" lang=\"en-GB\" dir=\"ltr\">\n<div class=\"screen-reader-response\"><p role=\"status\" aria-live=\"polite\" aria-atomic=\"true\"><\/p> <ul><\/ul><\/div>\n<form action=\"\/Ecuador\/wp-json\/wp\/v2\/pages\/850#wpcf7-f391-o1\" method=\"post\" class=\"wpcf7-form init\" aria-label=\"Formulario de contacto\" novalidate=\"novalidate\" data-status=\"init\">\n<div style=\"display: none;\">\n<input type=\"hidden\" name=\"_wpcf7\" value=\"391\" \/>\n<input type=\"hidden\" name=\"_wpcf7_version\" value=\"5.7.5.1\" \/>\n<input type=\"hidden\" name=\"_wpcf7_locale\" value=\"en_GB\" \/>\n<input type=\"hidden\" name=\"_wpcf7_unit_tag\" value=\"wpcf7-f391-o1\" \/>\n<input type=\"hidden\" name=\"_wpcf7_container_post\" value=\"0\" \/>\n<input type=\"hidden\" name=\"_wpcf7_posted_data_hash\" value=\"\" \/>\n<\/div>\n<div class=\"contact-form contact2\">\n\t<div class=\"row\">\n\t\t<div class=\"col-xs-12 col-sm-12 col-md-6 col-lg-6\">\n\t\t\t<p><label>NOMBRE<\/label>\n\t\t\t<\/p>\n\t\t\t<p><span class=\"wpcf7-form-control-wrap\" data-name=\"full-name\"><input size=\"40\" class=\"wpcf7-form-control wpcf7-text form-control\" aria-invalid=\"false\" placeholder=\"Nombre y apellido\" value=\"\" type=\"text\" name=\"full-name\" \/><\/span>\n\t\t\t<\/p>\n\t\t<\/div>\n\t\t<div class=\"col-xs-12 col-sm-12 col-md-6 col-lg-6\">\n\t\t\t<p><label>TEL\u00c9FONO<\/label>\n\t\t\t<\/p>\n\t\t\t<p><span class=\"wpcf7-form-control-wrap\" data-name=\"your-tel\"><input size=\"40\" class=\"wpcf7-form-control wpcf7-text wpcf7-tel wpcf7-validates-as-tel form-control\" aria-invalid=\"false\" placeholder=\"tel\u00e9fono\" value=\"\" type=\"tel\" name=\"your-tel\" \/><\/span>\n\t\t\t<\/p>\n\t\t<\/div>\n\t\t<div class=\"col-xs-12 col-sm-12 col-md-6 col-lg-6\">\n\t\t\t<p><label>EMAIL<\/label>\n\t\t\t<\/p>\n\t\t\t<p><span class=\"wpcf7-form-control-wrap\" data-name=\"your-email\"><input size=\"40\" class=\"wpcf7-form-control wpcf7-text wpcf7-email wpcf7-validates-as-required wpcf7-validates-as-email form-control\" aria-required=\"true\" aria-invalid=\"false\" placeholder=\"Email\" value=\"\" type=\"email\" name=\"your-email\" \/><\/span>\n\t\t\t<\/p>\n\t\t<\/div>\n\t\t<div class=\"col-xs-12 col-sm-12 col-md-6 col-lg-6\">\n\t\t\t<p><label>ES CLIENTE NUEVO<\/label>\n\t\t\t<\/p>\n\t\t\t<p><span class=\"wpcf7-form-control-wrap\" data-name=\"client-type\"><select class=\"wpcf7-form-control wpcf7-select wpcf7-validates-as-required selectpicker\" aria-required=\"true\" aria-invalid=\"false\" name=\"client-type\"><option value=\"\">Seleccionar<\/option><option value=\"SI, soy nuevo cliente\">SI, soy nuevo cliente<\/option><option value=\"No, soy cliente antiguo\">No, soy cliente antiguo<\/option><\/select><\/span>\n\t\t\t<\/p>\n\t\t<\/div>\n\t\t<div class=\"col-xs-12 col-sm-12 col-md-12 col-lg-12\">\n\t\t\t<p><label>ESCRIBA SU SOLICITUD<\/label>\n\t\t\t<\/p>\n\t\t\t<p><span class=\"wpcf7-form-control-wrap\" data-name=\"your-message\"><textarea cols=\"100\" rows=\"6\" class=\"wpcf7-form-control wpcf7-textarea wpcf7-validates-as-required form-control\" aria-required=\"true\" aria-invalid=\"false\" name=\"your-message\"><\/textarea><\/span>\n\t\t\t<\/p>\n\t\t<\/div>\n\t\t<div class=\"col-xs-12 col-sm-12 col-md-6 col-lg-6\">\n\t\t\t<p><label><div id=\"cf7sr-69d8da1dc8b60\" class=\"cf7sr-g-recaptcha\" data-sitekey=\"6LeqMrAUAAAAAE1t8nOIgEdEpLyGM4oYF_Y1qGXc\"><\/div><span class=\"wpcf7-form-control-wrap cf7sr-recaptcha\" data-name=\"cf7sr-recaptcha\"><input type=\"hidden\" name=\"cf7sr-recaptcha\" value=\"\" class=\"wpcf7-form-control\"><\/span><\/label>\n\t\t\t<\/p>\n\t\t<\/div>\n\t\t<div class=\"col-xs-12 col-sm-12 col-md-6 col-lg-6\">\n\t\t\t<p class=\"btn-send\"><input class=\"wpcf7-form-control has-spinner wpcf7-submit btn btn-theme-second\" type=\"submit\" value=\"REALIZAR CONSULTA\" \/>\n\t\t\t<\/p>\n\t\t<\/div>\n\t<\/div>\n<\/div><div class=\"wpcf7-response-output\" aria-hidden=\"true\"><\/div>\n<\/form>\n<\/div>\n[\/vc_column_inner][\/vc_row_inner][vc_empty_space height=&#8221;60px&#8221;][\/vc_column][\/vc_row]<\/p>\n","protected":false},"excerpt":{"rendered":"<p>[vc_row full_width=&#8221;stretch_row&#8221;][vc_column][rev_slider_vc alias=&#8221;slide-14&#8243;][\/vc_column][\/vc_row][vc_row css_animation=&#8221;none&#8221;][vc_column width=&#8221;1\/3&#8243;][cms_fancybox_single fancy_style=&#8221;style-5&#8243; title_item=&#8221;TECNOLOG\u00cdA INNOVADORA&#8221; option_type=&#8221;option_image&#8221; image=&#8221;913&#8243;]Utilizamos tecnologia de punta mediante nuestros partners para dar soluciones modernas y eficientes. [\/cms_fancybox_single][\/vc_column][vc_column width=&#8221;1\/3&#8243;][cms_fancybox_single fancy_style=&#8221;style-5&#8243; title_item=&#8221;INTEROPERATIVIDAD&#8221; option_type=&#8221;option_image&#8221; image=&#8221;915&#8243;]Facilitamos la integraci\u00f3n entre el sistema financiero, empresas publicas y privadas, y los ciudadanos.[\/cms_fancybox_single][\/vc_column][vc_column width=&#8221;1\/3&#8243;][cms_fancybox_single fancy_style=&#8221;style-5&#8243; title_item=&#8221;SEGURIDAD&#8221; option_type=&#8221;option_image&#8221; image=&#8221;914&#8243;]Somos autorizados por las entidades de control y aplicamos las<\/p>\n","protected":false},"author":1,"featured_media":0,"parent":0,"menu_order":0,"comment_status":"closed","ping_status":"closed","template":"","meta":[],"_links":{"self":[{"href":"https:\/\/www.megaredcorp.com\/Ecuador\/wp-json\/wp\/v2\/pages\/850"}],"collection":[{"href":"https:\/\/www.megaredcorp.com\/Ecuador\/wp-json\/wp\/v2\/pages"}],"about":[{"href":"https:\/\/www.megaredcorp.com\/Ecuador\/wp-json\/wp\/v2\/types\/page"}],"author":[{"embeddable":true,"href":"https:\/\/www.megaredcorp.com\/Ecuador\/wp-json\/wp\/v2\/users\/1"}],"replies":[{"embeddable":true,"href":"https:\/\/www.megaredcorp.com\/Ecuador\/wp-json\/wp\/v2\/comments?post=850"}],"version-history":[{"count":48,"href":"https:\/\/www.megaredcorp.com\/Ecuador\/wp-json\/wp\/v2\/pages\/850\/revisions"}],"predecessor-version":[{"id":4115,"href":"https:\/\/www.megaredcorp.com\/Ecuador\/wp-json\/wp\/v2\/pages\/850\/revisions\/4115"}],"wp:attachment":[{"href":"https:\/\/www.megaredcorp.com\/Ecuador\/wp-json\/wp\/v2\/media?parent=850"}],"curies":[{"name":"wp","href":"https:\/\/api.w.org\/{rel}","templated":true}]}}